{"id":217,"date":"2015-04-22T12:59:06","date_gmt":"2015-04-22T10:59:06","guid":{"rendered":"http:\/\/pfadfinder-hainsacker.de\/?page_id=217"},"modified":"2018-08-27T12:49:50","modified_gmt":"2018-08-27T10:49:50","slug":"lagerbautenplatz","status":"publish","type":"page","link":"http:\/\/pfadfinder-hainsacker.de\/index.php\/ueber-uns\/lagerbautenplatz\/","title":{"rendered":"Lagerbautenplatz"},"content":{"rendered":"<p>Seit nunmehr \u00fcber 10 Jahren haben wir diesen sch\u00f6nen Platz unterhalb der SpVgg Hainsacker.<\/p>\n<p>Bei sch\u00f6nem Wetter und Lagerfeuer macht das Pfadfinden am meisten Spass.<\/p>\n<hr \/>\n<h3><\/h3>\n<h3>Bauprojekt LBP<a href=\"http:\/\/pfadfinder-hainsacker.de\/wp-content\/uploads\/2015\/04\/projekt.png\"><img decoding=\"async\" class=\"wp-image-3018 size-thumbnail alignright\" src=\"http:\/\/pfadfinder-hainsacker.de\/wp-content\/uploads\/2015\/04\/projekt.png\" alt=\"projekt\" width=\"38%\" height=\"38%\" srcset=\"http:\/\/pfadfinder-hainsacker.de\/wp-content\/uploads\/2015\/04\/projekt.png 1440w, http:\/\/pfadfinder-hainsacker.de\/wp-content\/uploads\/2015\/04\/projekt-300x169.png 300w, http:\/\/pfadfinder-hainsacker.de\/wp-content\/uploads\/2015\/04\/projekt-1024x576.png 1024w\" sizes=\"(max-width: 1440px) 100vw, 1440px\" \/><\/a><\/h3>\n<p>Um den Lagerbautenplatz umfangreich und noch besser f\u00fcr die Gruppenstunden und das Pfadfinderleben nutzen zu k\u00f6nnen, sind ein paar Neuerungen geplant:<\/p>\n<h4>Neubau Ger\u00e4tehaus<\/h4>\n<p>Das bisher genutzte Gartenhaus ist in die Jahre gekommen und soll ersetzt werden. Hier soll eine Lagerm\u00f6glichkeit f\u00fcr weniger empfindliche Materialien, wie z.B. Bierb\u00e4nke, Rasenm\u00e4her und Gartenger\u00e4te entstehen. Au\u00dferdem ist eine wetterfeste Lagerfl\u00e4che f\u00fcr Brennholz geplant.<\/p>\n<h4>Sanierung Container<\/h4>\n<p>Das aktuelle Materiallager im ehemaligen Feuerwehrhaus Hainsacker soll aufgel\u00f6st werden, zum einen da die Fl\u00e4chen anderweitig ben\u00f6tigt werden, zum anderen ist das aktuelle Hochregallager nicht unbedingt ungef\u00e4hrlich zu benutzen. Um zuk\u00fcnftig alle Pfadfindermaterialien wie Zelte, K\u00fcchenmaterialien, etc. an einem Ort zusammenzuf\u00fchren, soll unser Container saniert werden.<\/p>\n<p>Es soll eine winterfeste D\u00e4mmung inkl. Frostschutz eingebaut werden, eine Abdichtung gegen Nagetiere erfolgen sowie sichergestellt werden, dass der Container nicht aufgebrochen werden kann.<\/p>\n<h4>Strom- und Wasseranschluss<\/h4>\n<h4><a href=\"http:\/\/pfadfinder-hainsacker.de\/wp-content\/uploads\/2015\/04\/container.png\"><img decoding=\"async\" class=\" size-thumbnail wp-image-3033 alignright\" src=\"http:\/\/pfadfinder-hainsacker.de\/wp-content\/uploads\/2015\/04\/container.png\" alt=\"container\" width=\"38%\" height=\"38%\" srcset=\"http:\/\/pfadfinder-hainsacker.de\/wp-content\/uploads\/2015\/04\/container.png 1440w, http:\/\/pfadfinder-hainsacker.de\/wp-content\/uploads\/2015\/04\/container-300x166.png 300w, http:\/\/pfadfinder-hainsacker.de\/wp-content\/uploads\/2015\/04\/container-1024x566.png 1024w\" sizes=\"(max-width: 1440px) 100vw, 1440px\" \/><\/a><\/h4>\n<p>Um den Frostschutz zu gew\u00e4hrleisten und f\u00fcr die Reperatur von Materialien ist ein Stromanschluss unerl\u00e4sslich. Au\u00dferdem ergeben sich durch den Strom- und Wasseranschluss viele neue M\u00f6glichkeiten f\u00fcr Veranstaltungen und Gruppenstunden. Deshalb soll dieser im Zuge der Bauma\u00dfnahme ebenfalls umgesetzt werden.<\/p>\n<hr \/>\n<h4><\/h4>\n<h4>Helfen Sie mit!<\/h4>\n<p>Nat\u00fcrlich l\u00e4sst sich so ein Projekt nicht einfach von heute auf morgen umsetzen. Wir planen bereits aktiv seit Anfang 2015, der Baubeginn ist im Fr\u00fchjahr 2017 gesetzt.<\/p>\n<p>Auch finanziell l\u00e4sst sich so ein Projekt nicht so einfach bewerkstelligen. Wir wollen nat\u00fcrlich sehr viel selbst machen, hierbei sind wir stark von der Mithilfe vieler Eltern und Freunde des Stamms angewiesen. Aber alles was wir nicht selbst bewerkstelligen k\u00f6nnen, m\u00fcssen wir nat\u00fcrlich von Firmen erledigen lassen.<\/p>\n<p>Daf\u00fcr sind wir auch zum gro\u00dfen Teil von Spenden abh\u00e4ngig. Darum bitten wir hier die Jugendarbeit in Hainsacker zu unterst\u00fctzen und freuen uns \u00fcber jede noch so kleine Spende. Denn gemeinsam kann man viel erreichen. Gerne stellen wir als gemeinn\u00fctziger Verein auch eine Spendenqittung aus.<\/p>\n<h6><strong>Kontaktieren sie uns pers\u00f6nlich!<\/strong><strong><br \/>\n<\/strong><\/h6>\n<hr \/>\n<h4><\/h4>\n<h4>Warum brauchen wir den Lagerbautenplatz?<a href=\"http:\/\/pfadfinder-hainsacker.de\/wp-content\/uploads\/2015\/04\/maifest-2.jpg\"><img decoding=\"async\" class=\" size-thumbnail wp-image-3023 alignright\" src=\"http:\/\/pfadfinder-hainsacker.de\/wp-content\/uploads\/2015\/04\/maifest-2.jpg\" alt=\"maifest 2\" width=\"25%\" height=\"25%\" srcset=\"http:\/\/pfadfinder-hainsacker.de\/wp-content\/uploads\/2015\/04\/maifest-2.jpg 1024w, http:\/\/pfadfinder-hainsacker.de\/wp-content\/uploads\/2015\/04\/maifest-2-300x199.jpg 300w\" sizes=\"(max-width: 1024px) 100vw, 1024px\" \/><\/a><\/h4>\n<p>Der Umgang mit der Natur und die sch\u00f6nen Freifl\u00e4chen im Gr\u00fcnen bieten den perfekten Rahmen, um Pfadfinderaktionen durchzuf\u00fchren.<\/p>\n<h5>Gruppenstunden<\/h5>\n<p>Einmal w\u00f6chentlich finden f\u00fcr jede Altersgruppen Gruppenstunden statt. Von Fr\u00fchjahr bis Herbst finden diese f\u00fcr eineinhalb Stunden auf dem Lagerbautenplatz statt. Die Kinder und Jugendlichen erhalten so die M\u00f6glichkeit den engen Kontakt mit der Natur zu erleben und gleichzeitig die Verantwortung f\u00fcr die Pflege und den Unterhalt des Platzes mit zu \u00fcbernehmen.<\/p>\n<h5>Stammesaktionen &amp; Veranstaltungen<\/h5>\n<p>Auch der gesamte Stamm mit allen Kindern und Jugendlichen nutzt den Platz. Die gro\u00dfe Rasenfl\u00e4che bietet dabei die M\u00f6glichkeit f\u00fcr Spiele in der Gro\u00dfgruppe. Gleichzeitig ist der Platz ein zentraler Anlaufpunkt und ein Identifizierungsmerkmal f\u00fcr alle Stammesmitglieder. Das zeigt sich insbesondere an der gro\u00dfen Beteiligung bei Aktionen, wie z.B. gemeinsamen Lagerfeuerabenden, dem Georgstag zu Ehren des Hl. Georgs als Patron der katholischen Pfadfinder oder das traditionelle Maifest mit Feldgottesdienst.<\/p>\n<h5>Lagerung von Materialien<\/h5>\n<p>Zus\u00e4tzlich werden am Lagerbautenplatz auch Pfadfindermaterialien zur Nutzung in den Gruppenstunden und bei Aktionen aufbewahrt. Eine Feuerschale, der Grill oder die \u00c4xte und S\u00e4gen sind dabei besonders wichtig. Dar\u00fcber hinaus sind noch weiter umfangreiche Materialien, wie Jurten und Schlafzelte f\u00fcr ca. 60 Personen, ein gro\u00dfes Aufenthaltszelt, K\u00fcchenmaterialien und alles, was f\u00fcr ein Zeltlager notwendig ist, vorhanden. Unter den aktuellen Gegebenheiten k\u00f6nnen diese nicht am Lagerbautenplatz gelagert werden.<\/p>\n<h5><\/h5>\n","protected":false},"excerpt":{"rendered":"<p>Seit nunmehr \u00fcber 10 Jahren haben wir diesen sch\u00f6nen Platz unterhalb der SpVgg Hainsacker. Bei sch\u00f6nem Wetter und Lagerfeuer macht das Pfadfinden am meisten Spass. Bauprojekt LBP Um den Lagerbautenplatz umfangreich und noch besser f\u00fcr die Gruppenstunden und das Pfadfinderleben nutzen zu k\u00f6nnen, sind ein paar Neuerungen geplant: Neubau Ger\u00e4tehaus Das bisher genutzte Gartenhaus ist [&hellip;]<\/p>\n","protected":false},"author":1,"featured_media":0,"parent":140,"menu_order":0,"comment_status":"closed","ping_status":"open","template":"","meta":{"footnotes":""},"class_list":["post-217","page","type-page","status-publish","hentry"],"_links":{"self":[{"href":"http:\/\/pfadfinder-hainsacker.de\/index.php\/wp-json\/wp\/v2\/pages\/217","targetHints":{"allow":["GET"]}}],"collection":[{"href":"http:\/\/pfadfinder-hainsacker.de\/index.php\/wp-json\/wp\/v2\/pages"}],"about":[{"href":"http:\/\/pfadfinder-hainsacker.de\/index.php\/wp-json\/wp\/v2\/types\/page"}],"author":[{"embeddable":true,"href":"http:\/\/pfadfinder-hainsacker.de\/index.php\/wp-json\/wp\/v2\/users\/1"}],"replies":[{"embeddable":true,"href":"http:\/\/pfadfinder-hainsacker.de\/index.php\/wp-json\/wp\/v2\/comments?post=217"}],"version-history":[{"count":20,"href":"http:\/\/pfadfinder-hainsacker.de\/index.php\/wp-json\/wp\/v2\/pages\/217\/revisions"}],"predecessor-version":[{"id":3083,"href":"http:\/\/pfadfinder-hainsacker.de\/index.php\/wp-json\/wp\/v2\/pages\/217\/revisions\/3083"}],"up":[{"embeddable":true,"href":"http:\/\/pfadfinder-hainsacker.de\/index.php\/wp-json\/wp\/v2\/pages\/140"}],"wp:attachment":[{"href":"http:\/\/pfadfinder-hainsacker.de\/index.php\/wp-json\/wp\/v2\/media?parent=217"}],"curies":[{"name":"wp","href":"https:\/\/api.w.org\/{rel}","templated":true}]}}