{"id":266,"date":"2015-04-22T20:25:31","date_gmt":"2015-04-22T18:25:31","guid":{"rendered":"http:\/\/pfadfinder-hainsacker.de\/?page_id=266"},"modified":"2025-11-17T10:41:18","modified_gmt":"2025-11-17T09:41:18","slug":"mitglied-werden","status":"publish","type":"page","link":"https:\/\/pfadfinder-hainsacker.de\/index.php\/ueber-uns\/mitglied-werden\/","title":{"rendered":"Mitglied werden"},"content":{"rendered":"<table class=\" aligncenter\" style=\"height: 270px;\" width=\"600\">\n<tbody>\n<tr>\n<td style=\"width: 300px; text-align: center; vertical-align: middle;\"><a><img loading=\"lazy\" decoding=\"async\" class=\"alignnone size-medium wp-image-328\" src=\"http:\/\/pfadfinder-hainsacker.de\/wp-content\/uploads\/2015\/04\/Logo_DPSG-300x141.jpg\" alt=\"Logo_DPSG\" width=\"300\" height=\"141\" \/><\/a><\/td>\n<td style=\"width: 300px; vertical-align: middle;\">\u00a0<img loading=\"lazy\" decoding=\"async\" class=\"size-medium wp-image-275\" src=\"http:\/\/pfadfinder-hainsacker.de\/wp-content\/uploads\/2015\/04\/logo_long-300x139.png\" alt=\"logo_long\" width=\"300\" height=\"139\" \/><\/td>\n<\/tr>\n<tr>\n<td style=\"width: 300px; text-align: center; vertical-align: middle;\"><strong>DPSG Mitglied<\/strong><\/td>\n<td style=\"text-align: center; vertical-align: middle;\"><strong>F\u00f6rdermitglied &#8211; Jugendwerk Geschwister Scholl e.V.<\/strong><\/td>\n<\/tr>\n<tr>\n<td style=\"width: 300px; vertical-align: middle;\"><a href=\"http:\/\/pfadfinder-hainsacker.de\/wp-content\/uploads\/2025\/11\/AnmeldungDPSG_2025.pdf\">&lt;&lt;Anmeldeformular&gt;&gt;<\/a><\/td>\n<td style=\"text-align: center; vertical-align: middle;\"><a href=\"http:\/\/pfadfinder-hainsacker.de\/wp-content\/uploads\/2019\/03\/Foerderer_neu2019.pdf\">&lt;&lt;Anmeldeformular&gt;&gt;<\/a><\/td>\n<\/tr>\n<tr>\n<td style=\"width: 300px; text-align: center; vertical-align: middle;\">Gerne kannst du erst einmal schnuppern, bevor du Mitglied der Pfadfinder Hainsacker wirst. Komm dazu einfach zu einer Veranstaltung oder zu den Gruppenstunden.Willst du mit auf ein Zeltlager fahren oder regelm\u00e4\u00dfig zu den Gruppenstunden kommen, gib bitte den ausgef\u00fcllten\u00a0Mitgliedsantrag\u00a0bei einem Leiter oder dem Vorstand ab.Der Jahresbeitrag betr\u00e4gt 39,50 \u20ac. Diesen reichen wir zu 100% an unsren Bundesverband f\u00fcr Versicherungen etc. weiter. Ein zus\u00e4tzlicher Stammesbeitrag wird nicht erhoben.<\/td>\n<td style=\"text-align: center; vertical-align: middle;\">Du m\u00f6chtest den Stamm unterst\u00fctzen und so den Kindern tolle Erlebnisse erm\u00f6glichen?Dann werde jetzt F\u00f6rdermitglied und trage mit min. 30\u20ac im Jahr dazu bei, dass Zelte impr\u00e4gniert und Aktionen finanziert werden k\u00f6nnen.Nachdem wir die Mitgliedsbeitr\u00e4ge zu 100% weiterreichen m\u00fcssen sind wir auf unsere F\u00f6rdermitglieder stark angewiesen und sehr dankbar f\u00fcr die Unterst\u00fctzung!&nbsp;<\/td>\n<\/tr>\n<\/tbody>\n<\/table>\n<p>&nbsp;<\/p>\n<p>&nbsp;<\/p>\n<p>&nbsp;<\/p>\n<p>&nbsp;<\/p>\n<p>&nbsp;<\/p>\n<p>&nbsp;<\/p>\n<p>&nbsp;<\/p>\n<p>&nbsp;<\/p>\n<p>&nbsp;<\/p>\n<p>Beide Anmeldungen bitte beim Vorstand oder dem jeweiligen Gruppenleiter abgeben. Gerne helfen wir beim Ausf\u00fcllen der Antr\u00e4ge.<\/p>\n","protected":false},"excerpt":{"rendered":"<p>\u00a0 DPSG Mitglied F\u00f6rdermitglied &#8211; Jugendwerk Geschwister Scholl e.V. &lt;&lt;Anmeldeformular&gt;&gt; &lt;&lt;Anmeldeformular&gt;&gt; Gerne kannst du erst einmal schnuppern, bevor du Mitglied der Pfadfinder Hainsacker wirst. Komm dazu einfach zu einer Veranstaltung oder zu den Gruppenstunden.Willst du mit auf ein Zeltlager fahren oder regelm\u00e4\u00dfig zu den Gruppenstunden kommen, gib bitte den ausgef\u00fcllten\u00a0Mitgliedsantrag\u00a0bei einem Leiter oder dem Vorstand [&hellip;]<\/p>\n","protected":false},"author":1,"featured_media":0,"parent":140,"menu_order":0,"comment_status":"closed","ping_status":"open","template":"","meta":{"footnotes":""},"class_list":["post-266","page","type-page","status-publish","hentry"],"_links":{"self":[{"href":"https:\/\/pfadfinder-hainsacker.de\/index.php\/wp-json\/wp\/v2\/pages\/266","targetHints":{"allow":["GET"]}}],"collection":[{"href":"https:\/\/pfadfinder-hainsacker.de\/index.php\/wp-json\/wp\/v2\/pages"}],"about":[{"href":"https:\/\/pfadfinder-hainsacker.de\/index.php\/wp-json\/wp\/v2\/types\/page"}],"author":[{"embeddable":true,"href":"https:\/\/pfadfinder-hainsacker.de\/index.php\/wp-json\/wp\/v2\/users\/1"}],"replies":[{"embeddable":true,"href":"https:\/\/pfadfinder-hainsacker.de\/index.php\/wp-json\/wp\/v2\/comments?post=266"}],"version-history":[{"count":30,"href":"https:\/\/pfadfinder-hainsacker.de\/index.php\/wp-json\/wp\/v2\/pages\/266\/revisions"}],"predecessor-version":[{"id":4396,"href":"https:\/\/pfadfinder-hainsacker.de\/index.php\/wp-json\/wp\/v2\/pages\/266\/revisions\/4396"}],"up":[{"embeddable":true,"href":"https:\/\/pfadfinder-hainsacker.de\/index.php\/wp-json\/wp\/v2\/pages\/140"}],"wp:attachment":[{"href":"https:\/\/pfadfinder-hainsacker.de\/index.php\/wp-json\/wp\/v2\/media?parent=266"}],"curies":[{"name":"wp","href":"https:\/\/api.w.org\/{rel}","templated":true}]}}